ors of h.
7, 17, 71
Suppose -6*v + 101924 = 24974. List the prime factors of v.
3, 5, 19
Suppose 350*a = 408*a - 128760. List the prime factors of a.
2, 3, 5, 37
Let m = -1794 + 4103. What are the prime factors of m?
2309
Suppose 65*x = -2*c + 68*x + 52716, -5*x = 11*c - 290067. What are the prime factors of c?
3, 11, 17, 47
Let q be 9 - 10/((-4)/(-2)). Let u be ((-96)/80)/(-1*q/70). Let m = 85 - u. List the prime factors of m.
2
Let i be -7*(-5)/(-15)*-3. Let a(l) = -i + 3 + 1 + 9*l + 0*l. What are the prime factors of a(9)?
2, 3, 13
Let v be (-104)/(-40) - 4/(-10). Suppose 0 = -0*m + 4*m + 5*x + 75, -v*m + 5*x - 100 = 0. Let q = 80 - m. What are the prime factors of q?
3, 5, 7
Suppose 0 = -2*f + 15 - 9. Suppose -5*b + 4*b - f*y = -704, 3*b - 2*y = 2090. What are the prime factors of b?
2, 349
Suppose -20 = -12*h + 352. Suppose -h*x + 41*x = 4290. List the prime factors of x.
3, 11, 13
Let h(p) = 248*p**3 - p**2 + 9*p - 7. List the prime factors of h(4).
3, 5, 353
Let h(g) = 18*g - 19. Let b be h(-9). Let x = 577 - b. List the prime factors of x.
2, 379
Suppose -6*q - 102 = -12*q. Let k(a) = a**2 - 18*a + 19. Let u be k(q). Suppose 5*z + 13*t = 11*t + 661, -u*z - 5*t = -256. What are the prime factors of z?
7, 19
Let c = -17 - -19. Suppose 24 = b - c. Suppose -3*x - b = -122. What are the prime factors of x?
2
Let p(t) = -491*t + 1213. What are the prime factors of p(-13)?
2, 3, 211
Suppose 4*b - 7 - 89 = 0. Let j = -20 + b. Suppose -4*t = j*t - 312. What are the prime factors of t?
3, 13
Let o(l) be the second derivative of -2*l**3/3 - 15*l**2/2 + 20*l. Let p be o(-6). What are the prime factors of (((-18)/p)/(2/58))/(-2)?
29
Let k = 37640 + -9000. What are the prime factors of k?
2, 5, 179
Suppose o = 4*x - 22271, -x = -3*o - 6479 + 914. What are the prime factors of x?
2, 3, 29
List the prime factors of (-15)/((-165)/44)*(446 - (-5 + 8)).
2, 443
Let y(m) = 29*m**2 + 330*m + 122. List the prime factors of y(-36).
2, 37, 349
Let p be ((-18)/(-30))/((-3)/(-105)). Let d(y) = -y**2 + 23*y - 21. Let u be d(p). Let s = 47 - u. List the prime factors of s.
2, 13
Suppose 26*s - 917904 = -8*s + 343190. List the prime factors of s.
29, 1279
Suppose -247*k - 177184 = -249*k + 2*d, 0 = -2*k + 4*d + 177186. List the prime factors of k.
88591
Suppose -37*x + 445457 = 89073. List the prime factors of x.
2, 7, 43
Suppose z - 249 = -3*l, 0 = -4*l + 2*l - 3*z + 166. Suppose -5*a = -h + l, -3*a - 135 + 578 = 5*h. List the prime factors of h.
2, 11
Suppose -5*c - 6*h + 4875 = 0, 0 = -c - h + 462 + 512. List the prime factors of c.
3, 17, 19
Let p be ((-2)/3)/(8/(-60) + 0). Suppose -206 = 4*i - p*i. List the prime factors of i.
2, 103
Suppose -4*g - 4*y + y = -2884, -4*g + 2888 = 2*y. Let h = -227 + g. What are the prime factors of h?
7, 71
Suppose -2*o = -o + 67. Let i = o - -70. Suppose i*b + 3*m - 4*m = 341, 2*b + 5*m - 199 = 0. What are the prime factors of b?
2, 7
Let x = 4432 - 1206. List the prime factors of x.
2, 1613
Suppose 23*z - 27*z = 28. What are the prime factors of (-6359)/z - -18*(-10)/420?
2, 227
Suppose -4*q - 2*x + 14 = 0, 4*x - 9 = x. Let t be (-5)/10*q/(-4)*0. Suppose 2*k - 46 + 30 = t. List the prime factors of k.
2
Suppose -w - 4*w + 4*o + 46 = 0, -4*o = 3*w - 34. Let b(h) = h**3 - h**2 + 11*h + 33. List the prime factors of b(w).
7, 149
Suppose -39*p + 127*p + 114*p = 125038. What are the prime factors of p?
619
Let k be ((-63)/36)/((-1)/64 - 0). Suppose 2*y = 3*a - 2*y - 676, 4*a - y - 897 = 0. Suppose 0 = 4*f - k - a. List the prime factors of f.
2, 3, 7
Let o(r) = -18*r**3 + 2*r**2 + 3*r + 3. Let v(p) = -p**2 - 2*p + 10. Let f be v(-4). Let i be (96/(-26))/f - (-16)/(-104). List the prime factors of o(i).
149
Suppose 8*x = -28 + 28. Suppose x = 9*t - 16379 - 316. What are the prime factors of t?
5, 7, 53
Let q be 20/70*7*1. Suppose -4 = q*r, 5*p = -5*r + 3*r + 706. Let n = p + -72. List the prime factors of n.
2, 5, 7
Let m be (1/(-3) + 2)*(-1380)/(-575). Suppose -3*y + 103*i + 2950 = 104*i, 1962 = 2*y - m*i. List the prime factors of y.
983
Suppose 4*x = -2*r + 52022, 2*r - 2*x - 23805 = 28211. List the prime factors of r.
31, 839
Let d(k) = 79*k + 56. Let z be d(-16). Let b = z - -1868. Suppose 5*r = r + b. List the prime factors of r.
3, 5, 11
Let x(r) = 23 + 3*r - 6 + 6 - 2*r. Let t be x(10). Let q = t + -8. What are the prime factors of q?
5
Suppose -18*w - 84*w = -514386. List the prime factors of w.
3, 41
Suppose -195*t + 650918 = -1093773 - 1690429. List the prime factors of t.
2, 3, 367
Let b = -1335 - -2004. Let c = 1252 - b. List the prime factors of c.
11, 53
Suppose 4*w + 2 = 5*n, 2*n + 4 = -2*w + 6*w. Suppose z + 587 = n*v, 5*v + 3*z + 51 = 1535. List the prime factors of v.
5, 59
Let v(s) = s**3 + 17*s**2 - 3*s - 59. Suppose -17*d - 151 = 19. What are the prime factors of v(d)?
11, 61
Suppose 35 = -2*c - 3*p, 31 = 5*c - 5*p + 156. Let a(w) = 4*w**2 + 45*w + 9. List the prime factors of a(c).
5, 191
Suppose 16 - 2 = 7*b. Suppose -w - 5*q + 248 = -232, 1920 = 4*w + b*q. What are the prime factors of w?
2, 3, 5
Let a(j) = 7*j**2 - j - 4. Let k be a(-5). Let w be 10/155 - (-8178)/93. Let d = k - w. What are the prime factors of d?
2, 11
Let v(p) = -p + 8. Let z be v(4). Suppose -7*h + 3*h - 325 = -5*k, -z*k - 2*h = -260. What are the prime factors of k?
5, 13
Let f be 1 - (-2 + 1)*(5 + 4). Suppose 642 = 4*u - 3446. Suppose 17*m - f*m - u = 0. What are the prime factors of m?
2, 73
Let o(l) = 3*l + 61. Let s be o(-19). Suppose -s*q + 6*u = 2*u - 1088, -q - u + 274 = 0. List the prime factors of q.
3, 7, 13
Let v = 27 - 24. Suppose v*w = -7*w - 250. Let y = w + 35. What are the prime factors of y?
2, 5
Suppose -4*l + 59 = 39. Let s(m) = m**2 - 5*m. Let c be s(l). Suppose 5*i - a - 502 = -c*a, -5*i - 3*a = -494. What are the prime factors of i?
2, 5
Let m = -148 - -150. Suppose -m*t - 8 = 0, -4*t = -k + 331 + 102. What are the prime factors of k?
3, 139
Let s(d) = 9*d - 25. Suppose 2*h - 12 = -2, 5*h - 52 = -3*m. What are the prime factors of s(m)?
2, 7
Suppose -34*m + 3*m - 100*m = -5784174. List the prime factors of m.
2, 3, 11, 223
What are the prime factors of ((-73)/(219/12))/(2*1/(-13918))?
2, 6959
Let l = 4072 - 2667. List the prime factors of l.
5, 281
Let t be (4 - (-2611)/14)*2168/6. List the prime factors of (t/(-508))/((1/6)/(-1)).
3, 271
Let i = 86 + -83. Suppose -i*y - y = 100. Let h = 42 + y. What are the prime factors of h?
17
Let q = -2111 + 1391. Let w = -337 - q. What are the prime factors of w?
383
Suppose -9639 = -37*b + 20*b. Suppose c - 4*c = -d + b, 3*c - 1107 = -2*d. What are the prime factors of d?
2, 3, 31
Let g = 21698 - -3243. What are the prime factors of g?
7, 509
Suppose 2*i - 6*i = 2*g - 122276, i = g + 30578. What are the prime factors of i?
2, 7643
Let y(a) = -7*a + 139. Let i be y(16). Let z = -30 + 21. What are the prime factors of (-192)/z*i/4?
2, 3
Suppose 62*k = 61*k - 3. Let h be k/15*-2 + (-198)/45. What are the prime factors of (0 - h) + 137 + -5?
2, 17
Let y = -13399 - -26261. List the prime factors of y.
2, 59, 109
Let o(h) = 2*h**3 + 18 - 7*h**2 - 3*h**3 + 31*h**2 + 39*h + 4*h**2. What are the prime factors of o(29)?
2, 7, 11
What are the prime factors of (13 + 217 + -8)*4/((-16)/(-274))?
3, 37, 137
Suppose -6*t + 8*t - 3*m - 13 = 0, 2*t - 4*m = 14. Suppose 5*h = a - 55 - 283, 2*a - 696 = t*h. List the prime factors of a.
2, 179
List the prime factors of ((-265083)/156)/(4/(-16)).
7, 971
Let j(m) = 39*m + 10. Let t be j(-2). Let w be 2/(-5 - t/12). Suppose -5*s = -2*v + 395, w*v = 2*s + 437 + 128. List the prime factors of v.
5, 37
Let t(y) = -3*y**2 + 33*y - 16. Let r(p) = p + 38. Let n be r(3). Suppose 1 - n = -4*b. List the prime factors of t(b).
2, 7
Let j = -346 + 12525. What are the prime factors of j?
19, 641
Let h(f) = -4*f**3 - 2*f**2 - 3*f + 5. Let l be h(5). Let t = 38 - l. List the prime factors of t.
2, 13, 23
Let b(u) = 4*u**2 + 2*u - 6. Let r be b(3). What are the prime factors of (-8)/r - (-816)/27?
2, 3, 5
Suppose 0 = -4*n - 2*k + 42522, -2595*k = -5*n - 2598*k + 53151. List the prime factors of n.
2, 3, 443
Let y(j) = 1 + 11*j - 8 - 33*j - 43*j - 33*j. What are the prime factors of y(-12)?
7, 167
Let x(s) = 60*s + 3. Let z be x(7). Let c = 516 - 802. Let r =